{"id":11106,"date":"2023-03-02T12:47:12","date_gmt":"2023-03-02T15:47:12","guid":{"rendered":"http:\/\/www.saboamoura.com.br\/site\/?post_type=product&#038;p=11106"},"modified":"2023-03-18T20:51:21","modified_gmt":"2023-03-18T23:51:21","slug":"sabonete-carvao-ativado-masculino","status":"publish","type":"product","link":"https:\/\/www.saboamoura.com.br\/site\/produto\/sabonete-carvao-ativado-masculino\/","title":{"rendered":"Sabonete Carv\u00e3o Ativado (masculino)"},"content":{"rendered":"","protected":false},"excerpt":{"rendered":"<p>Sabonete 100% artesanal. Cruelty-free<\/p>\n<p>Aroma marcante, eis que voc\u00ea sente um perfume diferente, amadeirado especial que traz consigo uma dose certa de mist\u00e9rio e misticismo. Aroma de perfume importado.<\/p>\n<p>O carv\u00e3o ativado esfolia, limpa profundamente a pele, com a\u00e7\u00e3o clareadora, controla a oleosidade, fortalece, d\u00e1 brilho e maciez \u00e0 pele. Pode ser usado no corpo todo e apresenta grandes resultados no rosto.<\/p>\n<p>Extrato Glicerinado de Cal\u00eandula apresenta atividade cicatrizante, suavizante, refrescante, anti-inflamat\u00f3ria, antiss\u00e9ptica, antimicrobiana, antioxidante, aromatizante, condicionante e calmante.<\/p>\n<p>Extrato de Tangerina possui a\u00e7\u00e3o adstringente, antisseborr\u00e9ica, hidratante, remineralizante, nutritiva e antiss\u00e9ptica, auxiliando tamb\u00e9m no tratamento de transpira\u00e7\u00e3o excessiva.<\/p>\n<p>O coco de baba\u00e7u promove a hidrata\u00e7\u00e3o da pele sem aumentar a oleosidade ou obstruir os poros sendo utilizado em formula\u00e7\u00f5es para peles ressecadas ou oleosas e acneicas. Ajuda no combate dos efeitos de radicais livres prevenindo o envelhecimento precoce. Suas propriedades antibactericida e calmante auxiliam no tratamento de acne, alergias, ros\u00e1cea, eczema e psor\u00edase.<\/p>\n<p>Produto hipoalerg\u00eanico.<\/p>\n<p>Uso externo, n\u00e3o testado em animais.<\/p>\n<p>N\u00e3o ingerir.<\/p>\n<p>IMPORTANTE: N\u00c3O NOS RESPONSABILIZAMOS POR ATRASOS DOS CORREIOS. FAVOR CONSULTAR O PRAZO DE ENTREGA ANTES DE FINALIZAR A COMPRA!<\/p>\n<p>*Observa\u00e7\u00e3o: N\u00c3O ACOMPANHA ITENS DECORATIVOS.<\/p>\n<p>Medidas aproximadas: 5,5x9x3 \u2013 150g<\/p>\n","protected":false},"featured_media":11107,"template":"","meta":[],"product_brand":[],"product_cat":[216],"product_tag":[201],"class_list":{"0":"post-11106","1":"product","2":"type-product","3":"status-publish","4":"has-post-thumbnail","6":"product_cat-sabonetes","7":"product_tag-velas","10":"first","11":"instock","12":"shipping-taxable","13":"purchasable","14":"product-type-simple"},"_links":{"self":[{"href":"https:\/\/www.saboamoura.com.br\/site\/wp-json\/wp\/v2\/product\/11106","targetHints":{"allow":["GET"]}}],"collection":[{"href":"https:\/\/www.saboamoura.com.br\/site\/wp-json\/wp\/v2\/product"}],"about":[{"href":"https:\/\/www.saboamoura.com.br\/site\/wp-json\/wp\/v2\/types\/product"}],"wp:featuredmedia":[{"embeddable":true,"href":"https:\/\/www.saboamoura.com.br\/site\/wp-json\/wp\/v2\/media\/11107"}],"wp:attachment":[{"href":"https:\/\/www.saboamoura.com.br\/site\/wp-json\/wp\/v2\/media?parent=11106"}],"wp:term":[{"taxonomy":"product_brand","embeddable":true,"href":"https:\/\/www.saboamoura.com.br\/site\/wp-json\/wp\/v2\/product_brand?post=11106"},{"taxonomy":"product_cat","embeddable":true,"href":"https:\/\/www.saboamoura.com.br\/site\/wp-json\/wp\/v2\/product_cat?post=11106"},{"taxonomy":"product_tag","embeddable":true,"href":"https:\/\/www.saboamoura.com.br\/site\/wp-json\/wp\/v2\/product_tag?post=11106"}],"curies":[{"name":"wp","href":"https:\/\/api.w.org\/{rel}","templated":true}]}}